the remainder when 384 is divided by 57.
42
What is the remainder when 3353 is divided by 86?
85
Calculate the remainder when 23542 is divided by 12.
10
Calculate the remainder when 159 is divided by 41.
36
What is the remainder when 639 is divided by 42?
9
What is the remainder when 1156 is divided by 126?
22
What is the remainder when 547 is divided by 139?
130
What is the remainder when 249 is divided by 84?
81
Calculate the remainder when 1543 is divided by 218.
17
What is the remainder when 377 is divided by 27?
26
Calculate the remainder when 213 is divided by 71.
0
What is the remainder when 98 is divided by 20?
18
Calculate the remainder when 41 is divided by 11.
8
Calculate the remainder when 3083 is divided by 55.
3
What is the remainder when 6 is divided by 5?
1
Calculate the remainder when 58 is divided by 21.
16
What is the remainder when 242 is divided by 86?
70
What is the remainder when 1916 is divided by 137?
135
What is the remainder when 41 is divided by 31?
10
What is the remainder when 494 is divided by 228?
38
What is the remainder when 469 is divided by 43?
39
What is the remainder when 538 is divided by 116?
74
Calculate the remainder when 133 is divided by 38.
19
Calculate the remainder when 941 is divided by 928.
13
Calculate the remainder when 233 is divided by 24.
17
What is the remainder when 2962 is divided by 76?
74
Calculate the remainder when 3561 is divided by 12.
9
Calculate the remainder when 423 is divided by 33.
27
Calculate the remainder when 2536 is divided by 77.
72
Calculate the remainder when 313 is divided by 63.
61
Calculate the remainder when 1452 is divided by 21.
3
Calculate the remainder when 273 is divided by 135.
3
Calculate the remainder when 35899 is divided by 29.
26
What is the remainder when 1983 is divided by 54?
39
What is the remainder when 821 is divided by 144?
101
What is the remainder when 1436 is divided by 30?
26
Calculate the remainder when 586 is divided by 286.
14
What is the remainder when 59359 is divided by 106?
105
Calculate the remainder when 121 is divided by 43.
35
Calculate the remainder when 508 is divided by 14.
4
Calculate the remainder when 165 is divided by 28.
25
Calculate the remainder when 2819 is divided by 22.
3
Calculate the remainder when 183 is divided by 32.
23
What is the remainder when 181 is divided by 43?
9
Calculate the remainder when 67 is divided by 53.
14
What is the remainder when 272 is divided by 40?
32
What is the remainder when 46 is divided by 3?
1
Calculate the remainder when 910 is divided by 83.
80
Calculate the remainder when 45 is divided by 2.
1
Calculate the remainder when 369 is divided by 75.
69
Calculate the remainder when 525 is divided by 8.
5
Calculate the remainder when 175 is divided by 17.
5
What is the remainder when 10291 is divided by 19?
12
Calculate the remainder when 171 is divided by 47.
30
What is the remainder when 164 is divided by 28?
24
Calculate the remainder when 409 is divided by 218.
191
What is the remainder when 321 is divided by 46?
45
Calculate the remainder when 6725 is divided by 118.
117
What is the remainder when 149 is divided by 7?
2
What is the remainder when 579 is divided by 58?
57
Calculate the remainder when 64 is divided by 20.
4
What is the remainder when 142 is divided by 34?
6
Calculate the remainder when 998 is divided by 61.
22
What is the remainder when 915 is divided by 102?
99
Calculate the remainder when 238 is divided by 11.
7
What is the remainder when 765 is divided by 737?
28
What is the remainder when 436 is divided by 193?
50
What is the remainder when 327 is divided by 167?
160
Calculate the remainder when 2068 is divided by 90.
88
What is the remainder when 264 is divided by 60?
24
Calculate the remainder when 262 is divided by 51.
7
What is the remainder when 1129 is divided by 285?
274
What is the remainder when 259 is divided by 82?
13
Calculate the remainder when 48 is divided by 13.
9
What is the remainder when 38009 is divided by 13?
10
Calculate the remainder when 293 is divided by 77.
62
Calculate the remainder when 3833 is divided by 71.
70
What is the remainder when 543 is divided by 85?
33
What is the remainder when 949 is divided by 34?
31
What is the remainder when 50 is divided by 14?
8
Calculate the remainder when 172 is divided by 1.
0
Calculate the remainder when 230 is divided by 16.
6
What is the remainder when 44348 is divided by 48?
44
Calculate the remainder when 527 is divided by 103.
12
What is the remainder when 1891 is divided by 32?
3
Calculate the remainder when 205 is divided by 13.
10
What is the remainder when 167 is divided by 34?
31
What is the remainder when 559 is divided by 172?
43
Calculate the remainder when 173 is divided by 29.
28
Calculate the remainder when 619 is divided by 145.
39
What is the remainder when 63 is divided by 12?
3
Calculate the remainder when 1636 is divided by 26.
24
Calculate the remainder when 1473 is divided by 25.
23
What is the remainder when 479 is divided by 457?
22
What is the remainder when 573 is divided by 40?
13
What is the remainder when 8037 is divided by 60?
57
Calculate the remainder when 242 is divided by 101.
40
What is the remainder when 924 is divided by 44?
0
What is the remainder when 968 is divided by 76?
56
Calculate the remainder when 1850 is divided by 9.
5
Calculate the remainder when 1715 is divided by 209.
43
Calculate the remainder when 211 is divided by 109.
102
What is the remainder when 1501 is divided by 32?
29
Calculate the remainder when 960 is divided by 8.
0
Calculate the remainder when 153 is divided by 4.
1
What is the remainder when 1617 is divided by 180?
177
Calculate the remainder when 622 is divided by 69.
1
Calculate the remainder when 296 is divided by 147.
2
Calculate the remainder when 26 is divided by 9.
8
Calculate the remainder when 306 is divided by 148.
10
What is the remainder when 61 is divided by 15?
1
What is the remainder when 649 is divided by 31?
29
Calculate the remainder when 296 is divided by 97.
5
What is the remainder when 774 is divided by 257?
3
What is the remainder when 140 is divided by 5?
0
Calculate the remainder when 195 is divided by 57.
24
Calculate the remainder when 39 is divided by 22.
17
What is the remainder when 12929 is divided by 30?
29
Calculate the remainder when 1430 is divided by 108.
26
What is the remainder when 3092 is divided by 13?
11
What is the remainder when 131 is divided by 17?
12
Calculate the remainder when 166 is divided by 30.
16
Calculate the remainder when 2337 is divided by 66.
27
Calculate the remainder when 2311 is divided by 17.
16
Calculate the remainder when 564 is divided by 281.
2
Calculate the remainder when 7144 is divided by 45.
34
What is the remainder when 881 is divided by 45?
26
What is the remainder when 333 is divided by 104?
21
What is the remainder when 121 is divided by 50?
21
Calculate the remainder when 1102 is divided by 1085.
17
Calculate the remainder when 488 is divided by 98.
96
Calculate the remainder when 985 is divided by 2.
1
What is the remainder when 215 is divided by 89?
37
Calculate the remainder when 59199 is divided by 234.
231
What is the remainder when 493 is divided by 221?
51
Calculate the remainder when 1507 is divided by 29.
28
Calculate the remainder when 1867 is divided by 156.
151
What is the remainder when 286 is divided by 58?
54
What is the remainder when 1524 is divided by 102?
96
What is the remainder when 106 is divided by 30?
16
What is the remainder when 1029 is divided by 12?
9
What is the remainder when 82 is divided by 30?
22
Calculate the remainder when 718 is divided by 92.
74
What is the remainder when 45 is divided by 16?
13
What is the remainder when 104 is divided by 53?
51
Calculate the remainder when 3793 is divided by 13.
10
What is the remainder when 526 is divided by 82?
34
Calculate the remainder when 224 is divided by 25.
24
What is the remainder when 100 is divided by 7?
2
What is the remainder when 1041 is divided by 116?
113
Calculate the remainder when 288 is divided by 142.
4
What is the remainder when 274 is divided by 228?
46
What is the remainder when 967 is divided by 157?
25
What is the remainder when 52 is divided by 32?
20
What is